7, 6115253
What are the prime factors of 1605376057?
23, 3209, 21751
What are the prime factors of 1433807561?
1433807561
What are the prime factors of 5478119649?
3, 608679961
What are the prime factors of 5767045167?
3, 13, 17, 19, 67, 6833
List the prime factors of 193790487.
3, 11, 5872439
What are the prime factors of 171417140?
2, 5, 73, 137, 857
List the prime factors of 15542184.
2, 3, 7, 71, 1303
What are the prime factors of 391241055?
3, 5, 26082737
List the prime factors of 112385032.
2, 1741, 8069
List the prime factors of 300991647.
3, 11, 17, 103, 5209
List the prime factors of 1150901832.
2, 3, 3163, 15161
List the prime factors of 5770820064.
2, 3, 149, 439, 919
List the prime factors of 3581527224.
2, 3, 11, 17, 798023
List the prime factors of 52516832.
2, 947, 1733
List the prime factors of 3285660639.
3, 79, 271, 51157
List the prime factors of 2558748333.
3, 241, 739, 4789
List the prime factors of 1557399151.
7, 11, 29, 697447
What are the prime factors of 450087587?
450087587
What are the prime factors of 1081408691?
11, 3539, 27779
List the prime factors of 1773150469.
13417, 132157
List the prime factors of 85978669.
7, 23, 534029
What are the prime factors of 918172443?
3, 23, 13306847
What are the prime factors of 66949885?
5, 97, 138041
What are the prime factors of 118008598?
2, 29, 43, 47317
List the prime factors of 445614510.
2, 3, 5, 11, 79, 17093
List the prime factors of 216168362.
2, 17, 89, 71437
List the prime factors of 213470153.
13, 23, 54919
What are the prime factors of 1652062378?
2, 79, 83, 263, 479
List the prime factors of 2294783.
2294783
What are the prime factors of 161918005?
5, 43, 79, 9533
List the prime factors of 550934462.
2, 13, 313, 67699
List the prime factors of 640876285.
5, 7, 17, 3727
List the prime factors of 236319122.
2, 13, 699169
What are the prime factors of 73021086?
2, 3, 17, 71, 3361
What are the prime factors of 54074735?
5, 11, 13, 75629
List the prime factors of 390420767.
11, 35492797
What are the prime factors of 122145345?
3, 5, 7, 387763
What are the prime factors of 45616281?
3, 1481, 10267
What are the prime factors of 2266609358?
2, 13, 151, 577333
What are the prime factors of 755276735?
5, 79, 1912093
What are the prime factors of 1693545253?
17, 99620309
List the prime factors of 1022085699.
3, 340695233
List the prime factors of 29595556.
2, 397, 18637
List the prime factors of 240108903.
3, 2887, 9241
List the prime factors of 1044143456.
2, 32629483
List the prime factors of 1053276983.
11, 95752453
What are the prime factors of 6149494239?
3, 7, 37, 113, 70039
List the prime factors of 311665699.
101, 257, 12007
List the prime factors of 270461789.
13, 17, 19, 41, 1571
What are the prime factors of 28537847?
13, 168863
List the prime factors of 43643107.
223, 195709
What are the prime factors of 40710210?
2, 3, 5, 479, 2833
List the prime factors of 181665693.
3, 11, 113, 5413
What are the prime factors of 41891379?
3, 13963793
List the prime factors of 72391813.
13, 71, 107, 733
List the prime factors of 275216443.
47, 1087, 5387
What are the prime factors of 162511790?
2, 5, 7, 23, 193, 523
What are the prime factors of 55017117?
3, 17, 67, 1789
What are the prime factors of 3917807904?
2, 3, 19, 263, 8167
List the prime factors of 539503603.
539503603
List the prime factors of 15368623.
23, 668201
List the prime factors of 5919652575.
3, 5, 193, 136319
What are the prime factors of 5611001929?
13, 17, 19, 1336271
List the prime factors of 136742010.
2, 3, 5, 37, 123191
List the prime factors of 163665679.
163665679
What are the prime factors of 937944405?
3, 5, 19, 83, 13217
List the prime factors of 33480981.
3, 331, 11239
List the prime factors of 4298773421.
29437, 146033
List the prime factors of 854938411.
7297, 117163
List the prime factors of 27237789.
3, 163, 2063
List the prime factors of 2344168589.
7, 59, 71, 79943
List the prime factors of 41585658.
2, 3, 619, 11197
List the prime factors of 4227658031.
293, 14428867
List the prime factors of 473878383.
3, 11, 17, 59, 103, 139
List the prime factors of 1409161786.
2, 523, 1347191
List the prime factors of 413405335.
5, 7, 23, 157, 3271
List the prime factors of 333388508.
2, 31, 2688617
List the prime factors of 107308127.
83, 137, 9437
What are the prime factors of 43372399?
7, 37, 47, 509
What are the prime factors of 1929168689?
7, 97, 281, 10111
List the prime factors of 306243384.
2, 3, 1693, 7537
List the prime factors of 180090686.
2, 1381, 65203
What are the prime factors of 1687635234?
2, 3, 93757513
What are the prime factors of 116843511?
3, 67, 581311
List the prime factors of 6026614084.
2, 113, 13333217
What are the prime factors of 96189307?
37, 47, 55313
What are the prime factors of 809917425?
3, 5, 449, 8017
What are the prime factors of 695492078?
2, 23, 2027, 7459
What are the prime factors of 1989125697?
3, 13, 51003223
List the prime factors of 82367776.
2, 59, 43627
What are the prime factors of 45508711?
17, 73, 36671
List the prime factors of 791471932.
2, 43, 71, 64811
List the prime factors of 153559663.
619, 248077
What are the prime factors of 40213568?
2, 17, 23, 1607
List the prime factors of 179020016.
2, 7, 29, 55117
What are the prime factors of 33081742?
2, 101, 163771
List the prime factors of 524952800.
2, 5, 113, 5807
List the prime factors of 501410713.
501410713
List the prime factors of 229644026.
2, 114822013
List the prime factors of 1164372658.
2, 613, 949733
List the prime factors of 528745371.
3, 7, 11, 29, 78929
What are the prime factors of 220999450?
2, 5, 7, 19, 167, 199
List the prime factors of 6097133066.
2, 23, 271, 489101
What are the prime factors of 143823914?
2, 13, 113, 48953
List the prime factors of 1822205925.
3, 5, 19, 73, 5839
List the prime factors of 98126078.
2, 49063039
What are the prime factors of 224735341?
47, 263, 18181
What are the prime factors of 1003999949?
283, 601, 5903
What are the prime factors of 769491227?
769491227
What are the prime factors of 45404882?
2, 241, 94201
What are the prime factors of 7592328?
2, 3, 105449
What are the prime factors of 53946992?
2, 11, 306517
What are the prime factors of 1108628305?
5, 221725661
What are the prime factors of 1094347928?
2, 101, 1354391
What are the prime factors of 2989259536?
2, 186828721
What are the prime factors of 1212245580?
2, 3, 5, 7, 13, 222023
List the prime factors of 36080327.
79, 157, 2909
What are the prime factors of 122046709?
19, 41, 156671
List the prime factors of 805522624.
2, 89, 103, 1373
What are the prime factors of 1054188638?
2, 41, 179, 71821
What are the prime factors of 3191188023?
3, 4377487
What are the prime factors of 10818671?
23, 43, 10939
What are the prime factors of 7799804979?
3, 2599934993
List the prime factors of 327962169.
3, 61, 107, 1861
List the prime factors of 48152768.
2, 71, 10597
What are the prime factors of 115086929?
115086929
What are the prime factors of 691474809?
3, 19, 31, 491, 797
List the prime factors of 2093227471.
2093227471
What are the prime factors of 107320809?
3, 35773603
List the prime factors of 1750030426.
2, 43, 53, 8929
List the prime factors of 403481003.
6373, 63311
List the prime factors of 72814397.
72814397
What are the prime factors of 501397447?
23, 21799889
What are the prime factors of 22403328?
2, 3, 31, 941
List the prime factors of 338475049.
11, 17, 41, 131, 337
What are the prime factors of 40496893?
40496893
What are the prime factors of 350439424?
2, 137, 1249
List the prime factors of 27531541.
41, 671501
What are the prime factors of 431705855?
5, 7, 167, 73859
What are the prime factors of 1163367264?
2, 3, 19, 33569
List the prime factors of 2207582440.
2, 5, 7, 7884223
What are the prime factors of 259029227?
6389, 40543
List the prime factors of 291778023.
3, 23, 311, 13597
List the prime factors of 77759779.
79, 984301
List the prime factors of 9723608.
2, 1215451
What are the prime factors of 47407258?
2, 23703629
What are the prime factors of 62758283?
7, 23, 251, 1553
What are the prime factors of 15065495?
5, 3013099
List the prime factors of 1499190358.
2, 749595179
What are the prime factors of 2262200682?
2, 3, 7, 53861921
List the prime factors of 20464